{"id":10,"date":"2023-03-13T00:00:23","date_gmt":"2023-03-12T23:00:23","guid":{"rendered":"http:\/\/localhost\/?page_id=10"},"modified":"2024-04-08T16:25:03","modified_gmt":"2024-04-08T14:25:03","slug":"zwroty","status":"publish","type":"page","link":"https:\/\/hydrocentrum.pl\/nowa2023\/zwroty\/","title":{"rendered":"Zwroty \/ Wymiana"},"content":{"rendered":"\r\n<p>&nbsp;<\/p>\r\n\r\n\r\n\r\n<p class=\"info-page-item--subtitle\">Zwroty towaru<\/p>\r\n<div class=\"info-page-header\"><img loading=\"lazy\" decoding=\"async\" src=\"https:\/\/armatura24.pl\/userdata\/public\/assets\/Strony%20informacyjne\/dostawa-title-img.svg\" alt=\"Czas dostawy\" width=\"32\" height=\"32\" \/><span class=\"info-page-header__description--red\" style=\"background-color: rgb(255 255 255\/var(--tw-bg-opacity)); color: var(--tw-prose-body); font-size: 1rem;\">14 DNI<\/span><span style=\"background-color: rgb(255 255 255\/var(--tw-bg-opacity)); color: var(--tw-prose-body); font-size: 1rem;\">\u00a0Chcesz zwr\u00f3ci\u0107 zakupiony towar? Masz na to a\u017c 14 dni!:<\/span><\/div>\r\n<div>\u00a0<\/div>\r\n<div>\r\n<div class=\"info-page-returns__item\">1)<span style=\"background-color: rgb(255 255 255\/var(--tw-bg-opacity)); color: var(--tw-prose-body); font-size: 1rem;\">WYPE\u0141NIJ FORMULARZ <\/span><span style=\"background-color: rgb(255 255 255\/var(--tw-bg-opacity)); color: var(--tw-prose-body); font-size: 1rem;\">ZWROTU<\/span>\r\n<p class=\"mx-returns-content\">Otw\u00f3rz poni\u017cszy link, wype\u0142nij formularz zwrotu online i wy\u015blij. Potwierdzenie wys\u0142ania formularza otrzymasz na adres e-mail.<\/p>\r\n<p>2)SPAKUJ PRZESY\u0141K\u0118<\/p>\r\n<p class=\"mx-returns-content\">Spakuj towar kt\u00f3ry chcesz zwr\u00f3ci\u0107 w oryginalnym opakowaniu. Zapakuj starannie aby nie uleg\u0142 zniszczeniu.<\/p>\r\n<p>3)NAKLEJ ETYKIET\u0118 Z NR ZWROTU<\/p>\r\n<p class=\"mx-returns-content\">W przesy\u0142ce otrzyma\u0142e\u015b etykiet\u0119 do wpisania numeru zwrotu. Wpisz r\u0119cznie numer i naklej na przesy\u0142k\u0119. Numer zwrotu znajdziesz w za\u0142\u0105czniku kt\u00f3ry otrzyma\u0142e\u015b na adres e-mail. (przyk\u0142ad numeru zwrotu R067\/0322)<\/p>\r\n<p>4)WYBIERZ PRZEWO\u0179NIKA I OP\u0141A\u0106 US\u0141UG\u0118<\/p>\r\n<p class=\"mx-returns-content\">Paczk\u0119 nale\u017cy wys\u0142a\u0107 na sw\u00f3j koszt wybieraj\u0105c dowolnego przewo\u017anika. Nie odbieramy przesy\u0142ek nadanych za pobraniem jak i wysy\u0142anych do paczkomat\u00f3w.<\/p>\r\n<p>5)NADAJ PRZESY\u0141K\u0118<\/p>\r\n<p class=\"mx-returns-content\">Wy\u015blij przesy\u0142k\u0119 na adres:\u00a0<\/p>\r\n<p>Hydro Centrum<\/p>\r\n<p>ul. Wyszy\u0144skiego 77<\/p>\r\n<p>05-300 Mi\u0144sk Mazowiecki<\/p>\r\n<\/div>\r\n<div class=\"info-page-returns__item\">\r\n<div class=\"info-page-returns__item--description\">\r\n<div class=\"content-wrap\">\r\n<p class=\"mx-returns-content\">\u00a0<\/p>\r\n<\/div>\r\n<\/div>\r\n<\/div>\r\n<\/div>\r\n","protected":false},"excerpt":{"rendered":"<p>&nbsp; Zwroty towaru 14 DNI\u00a0Chcesz zwr\u00f3ci\u0107 zakupiony towar? Masz na to a\u017c 14 dni!: \u00a0 1)WYPE\u0141NIJ FORMULARZ ZWROTU Otw\u00f3rz poni\u017cszy [&hellip;]<\/p>\n","protected":false},"author":1,"featured_media":0,"parent":0,"menu_order":0,"comment_status":"closed","ping_status":"closed","template":"","meta":{"inline_featured_image":false,"footnotes":""},"class_list":["post-10","page","type-page","status-publish","hentry"],"acf":[],"yoast_head":"<!-- This site is optimized with the Yoast SEO plugin v20.4 - https:\/\/yoast.com\/wordpress\/plugins\/seo\/ -->\n<title>Zwroty \/ Wymiana - Hydro Centrum<\/title>\n<meta name=\"robots\" content=\"noindex, follow, max-snippet:-1, max-image-preview:large, max-video-preview:-1\" \/>\n<meta property=\"og:locale\" content=\"pl_PL\" \/>\n<meta property=\"og:type\" content=\"article\" \/>\n<meta property=\"og:title\" content=\"Zwroty \/ Wymiana - Hydro Centrum\" \/>\n<meta property=\"og:description\" content=\"&nbsp; Zwroty towaru 14 DNI\u00a0Chcesz zwr\u00f3ci\u0107 zakupiony towar? Masz na to a\u017c 14 dni!: \u00a0 1)WYPE\u0141NIJ FORMULARZ ZWROTU Otw\u00f3rz poni\u017cszy [&hellip;]\" \/>\n<meta property=\"og:url\" content=\"https:\/\/hydrocentrum.pl\/nowa2023\/zwroty\/\" \/>\n<meta property=\"og:site_name\" content=\"Hydro Centrum\" \/>\n<meta property=\"article:modified_time\" content=\"2024-04-08T14:25:03+00:00\" \/>\n<meta property=\"og:image\" content=\"https:\/\/armatura24.pl\/userdata\/public\/assets\/Strony%20informacyjne\/dostawa-title-img.svg\" \/>\n<meta name=\"twitter:card\" content=\"summary_large_image\" \/>\n<meta name=\"twitter:label1\" content=\"Szacowany czas czytania\" \/>\n\t<meta name=\"twitter:data1\" content=\"1 minuta\" \/>\n<script type=\"application\/ld+json\" class=\"yoast-schema-graph\">{\"@context\":\"https:\/\/schema.org\",\"@graph\":[{\"@type\":\"WebPage\",\"@id\":\"https:\/\/hydrocentrum.pl\/nowa2023\/zwroty\/\",\"url\":\"https:\/\/hydrocentrum.pl\/nowa2023\/zwroty\/\",\"name\":\"Zwroty \/ Wymiana - Hydro Centrum\",\"isPartOf\":{\"@id\":\"https:\/\/hydrocentrum.pl\/nowa2023\/#website\"},\"datePublished\":\"2023-03-12T23:00:23+00:00\",\"dateModified\":\"2024-04-08T14:25:03+00:00\",\"breadcrumb\":{\"@id\":\"https:\/\/hydrocentrum.pl\/nowa2023\/zwroty\/#breadcrumb\"},\"inLanguage\":\"pl-PL\",\"potentialAction\":[{\"@type\":\"ReadAction\",\"target\":[\"https:\/\/hydrocentrum.pl\/nowa2023\/zwroty\/\"]}]},{\"@type\":\"BreadcrumbList\",\"@id\":\"https:\/\/hydrocentrum.pl\/nowa2023\/zwroty\/#breadcrumb\",\"itemListElement\":[{\"@type\":\"ListItem\",\"position\":1,\"name\":\"Strona g\u0142\u00f3wna\",\"item\":\"https:\/\/hydrocentrum.pl\/nowa2023\/\"},{\"@type\":\"ListItem\",\"position\":2,\"name\":\"Zwroty \/ Wymiana\"}]},{\"@type\":\"WebSite\",\"@id\":\"https:\/\/hydrocentrum.pl\/nowa2023\/#website\",\"url\":\"https:\/\/hydrocentrum.pl\/nowa2023\/\",\"name\":\"Hydro Centrum\",\"description\":\"Pi\u0119knie wyko\u0144czone wn\u0119trza\",\"publisher\":{\"@id\":\"https:\/\/hydrocentrum.pl\/nowa2023\/#organization\"},\"potentialAction\":[{\"@type\":\"SearchAction\",\"target\":{\"@type\":\"EntryPoint\",\"urlTemplate\":\"https:\/\/hydrocentrum.pl\/nowa2023\/?s={search_term_string}\"},\"query-input\":\"required name=search_term_string\"}],\"inLanguage\":\"pl-PL\"},{\"@type\":\"Organization\",\"@id\":\"https:\/\/hydrocentrum.pl\/nowa2023\/#organization\",\"name\":\"Hydro Centrum\",\"url\":\"https:\/\/hydrocentrum.pl\/nowa2023\/\",\"logo\":{\"@type\":\"ImageObject\",\"inLanguage\":\"pl-PL\",\"@id\":\"https:\/\/hydrocentrum.pl\/nowa2023\/#\/schema\/logo\/image\/\",\"url\":\"https:\/\/hydrocentrum.pl\/nowa2023\/wp-content\/uploads\/2023\/03\/LogoFinal.png\",\"contentUrl\":\"https:\/\/hydrocentrum.pl\/nowa2023\/wp-content\/uploads\/2023\/03\/LogoFinal.png\",\"width\":418,\"height\":100,\"caption\":\"Hydro Centrum\"},\"image\":{\"@id\":\"https:\/\/hydrocentrum.pl\/nowa2023\/#\/schema\/logo\/image\/\"}}]}<\/script>\n<!-- \/ Yoast SEO plugin. -->","yoast_head_json":{"title":"Zwroty \/ Wymiana - Hydro Centrum","robots":{"index":"noindex","follow":"follow","max-snippet":"max-snippet:-1","max-image-preview":"max-image-preview:large","max-video-preview":"max-video-preview:-1"},"og_locale":"pl_PL","og_type":"article","og_title":"Zwroty \/ Wymiana - Hydro Centrum","og_description":"&nbsp; Zwroty towaru 14 DNI\u00a0Chcesz zwr\u00f3ci\u0107 zakupiony towar? Masz na to a\u017c 14 dni!: \u00a0 1)WYPE\u0141NIJ FORMULARZ ZWROTU Otw\u00f3rz poni\u017cszy [&hellip;]","og_url":"https:\/\/hydrocentrum.pl\/nowa2023\/zwroty\/","og_site_name":"Hydro Centrum","article_modified_time":"2024-04-08T14:25:03+00:00","og_image":[{"url":"https:\/\/armatura24.pl\/userdata\/public\/assets\/Strony%20informacyjne\/dostawa-title-img.svg"}],"twitter_card":"summary_large_image","twitter_misc":{"Szacowany czas czytania":"1 minuta"},"schema":{"@context":"https:\/\/schema.org","@graph":[{"@type":"WebPage","@id":"https:\/\/hydrocentrum.pl\/nowa2023\/zwroty\/","url":"https:\/\/hydrocentrum.pl\/nowa2023\/zwroty\/","name":"Zwroty \/ Wymiana - Hydro Centrum","isPartOf":{"@id":"https:\/\/hydrocentrum.pl\/nowa2023\/#website"},"datePublished":"2023-03-12T23:00:23+00:00","dateModified":"2024-04-08T14:25:03+00:00","breadcrumb":{"@id":"https:\/\/hydrocentrum.pl\/nowa2023\/zwroty\/#breadcrumb"},"inLanguage":"pl-PL","potentialAction":[{"@type":"ReadAction","target":["https:\/\/hydrocentrum.pl\/nowa2023\/zwroty\/"]}]},{"@type":"BreadcrumbList","@id":"https:\/\/hydrocentrum.pl\/nowa2023\/zwroty\/#breadcrumb","itemListElement":[{"@type":"ListItem","position":1,"name":"Strona g\u0142\u00f3wna","item":"https:\/\/hydrocentrum.pl\/nowa2023\/"},{"@type":"ListItem","position":2,"name":"Zwroty \/ Wymiana"}]},{"@type":"WebSite","@id":"https:\/\/hydrocentrum.pl\/nowa2023\/#website","url":"https:\/\/hydrocentrum.pl\/nowa2023\/","name":"Hydro Centrum","description":"Pi\u0119knie wyko\u0144czone wn\u0119trza","publisher":{"@id":"https:\/\/hydrocentrum.pl\/nowa2023\/#organization"},"potentialAction":[{"@type":"SearchAction","target":{"@type":"EntryPoint","urlTemplate":"https:\/\/hydrocentrum.pl\/nowa2023\/?s={search_term_string}"},"query-input":"required name=search_term_string"}],"inLanguage":"pl-PL"},{"@type":"Organization","@id":"https:\/\/hydrocentrum.pl\/nowa2023\/#organization","name":"Hydro Centrum","url":"https:\/\/hydrocentrum.pl\/nowa2023\/","logo":{"@type":"ImageObject","inLanguage":"pl-PL","@id":"https:\/\/hydrocentrum.pl\/nowa2023\/#\/schema\/logo\/image\/","url":"https:\/\/hydrocentrum.pl\/nowa2023\/wp-content\/uploads\/2023\/03\/LogoFinal.png","contentUrl":"https:\/\/hydrocentrum.pl\/nowa2023\/wp-content\/uploads\/2023\/03\/LogoFinal.png","width":418,"height":100,"caption":"Hydro Centrum"},"image":{"@id":"https:\/\/hydrocentrum.pl\/nowa2023\/#\/schema\/logo\/image\/"}}]}},"_links":{"self":[{"href":"https:\/\/hydrocentrum.pl\/nowa2023\/wp-json\/wp\/v2\/pages\/10","targetHints":{"allow":["GET"]}}],"collection":[{"href":"https:\/\/hydrocentrum.pl\/nowa2023\/wp-json\/wp\/v2\/pages"}],"about":[{"href":"https:\/\/hydrocentrum.pl\/nowa2023\/wp-json\/wp\/v2\/types\/page"}],"author":[{"embeddable":true,"href":"https:\/\/hydrocentrum.pl\/nowa2023\/wp-json\/wp\/v2\/users\/1"}],"replies":[{"embeddable":true,"href":"https:\/\/hydrocentrum.pl\/nowa2023\/wp-json\/wp\/v2\/comments?post=10"}],"version-history":[{"count":3,"href":"https:\/\/hydrocentrum.pl\/nowa2023\/wp-json\/wp\/v2\/pages\/10\/revisions"}],"predecessor-version":[{"id":1076,"href":"https:\/\/hydrocentrum.pl\/nowa2023\/wp-json\/wp\/v2\/pages\/10\/revisions\/1076"}],"wp:attachment":[{"href":"https:\/\/hydrocentrum.pl\/nowa2023\/wp-json\/wp\/v2\/media?parent=10"}],"curies":[{"name":"wp","href":"https:\/\/api.w.org\/{rel}","templated":true}]}}